
Is 8277386387 a prime number?
False
Is 1653644591 a prime number?
True
Is 152290795177 a prime number?
False
Is 18676381 composite?
False
Is 3546155729 a composite number?
True
Is 2416355939 composite?
True
Is 81340434547 a composite number?
True
Is 278552146 a composite number?
True
Is 2739526859 prime?
True
Is 26849390519 composite?
True
Is 20705810459 prime?
False
Is 650783219 a prime number?
False
Is 808000901 a composite number?
False
Is 440147801 a composite number?
False
Is 25152857 prime?
True
Is 856203437 prime?
True
Is 80911105747 a prime number?
True
Is 40218787447 a prime number?
True
Is 31879905223 composite?
True
Is 98320569299 a prime number?
True
Is 91320179 prime?
True
Is 141654271 a prime number?
False
Is 11333578609 composite?
True
Is 635887921 a prime number?
True
Is 253576255 composite?
True
Is 14240065051 prime?
False
Is 5036907147 composite?
True
Is 1713285023 a composite number?
False
Is 1870498691 a prime number?
True
Is 23329005941 a prime number?
True
Is 11111760701 a composite number?
False
Is 49713637741 a composite number?
False
Is 7783384435 composite?
True
Is 6934892021 prime?
True
Is 14943947 composite?
False
Is 1972852711 composite?
False
Is 48984345401 a prime number?
True
Is 4495218547 a prime number?
True
Is 658800311 a prime number?
False
Is 4650529115 a composite number?
True
Is 1614798487 prime?
True
Is 199352657 composite?
True
Is 8577887273 prime?
True
Is 11673483791 prime?
True
Is 11732800621 a prime number?
True
Is 548237231 prime?
True
Is 766033337 composite?
False
Is 4728074717 composite?
True
Is 41764807547 composite?
True
Is 40484491 prime?
False
Is 43066674799 a prime number?
True
Is 8000043569 a prime number?
False
Is 23671147 prime?
True
Is 60420267137 a prime number?
False
Is 144884713 prime?
True
Is 18556394413 prime?
False
Is 109618271 composite?
True
Is 2851575523 prime?
True
Is 4196139443 a prime number?
False
Is 227294863 a composite number?
False
Is 2945272301 composite?
False
Is 70323377 composite?
False
Is 720564107 composite?
False
Is 7326941431 prime?
False
Is 12979807 composite?
True
Is 24234883451 prime?
True
Is 6286422635 a prime number?
False
Is 2437218907 composite?
False
Is 57910547 prime?
True
Is 34868081873 composite?
False
Is 16431546751 prime?
True
Is 8527200447 composite?
True
Is 227449613 a prime number?
False
Is 26994765899 a composite number?
True
Is 3267473743 prime?
True
Is 894363293 a composite number?
False
Is 5238130169 a prime number?
False
Is 595063577 a prime number?
True
Is 2598264761 prime?
False
Is 430729241 composite?
True
Is 651824867 a prime number?
True
Is 18289845611 a composite number?
True
Is 24997909 prime?
True
Is 2665332881 composite?
False
Is 1936895014 a composite number?
True
Is 837018887 a prime number?
True
Is 257447003 a prime number?
False
Is 223378173971 prime?
True
Is 4632400307 composite?
True
Is 456612810814 a composite number?
True
Is 1777335817 a composite number?
False
Is 11207321201 prime?
False
Is 6628792019 composite?
False
Is 57401552987 prime?
True
Is 27684490489 prime?
True
Is 655910911 composite?
False
Is 396821353 prime?
False
Is 3732095531 a composite number?
False
Is 4986268979 prime?
True
Is 25864063273 a prime number?
True
Is 32333323067 prime?
False
Is 62186923 a prime number?
False
Is 363805067 composite?
True
Is 30193291279 a composite number?
False
Is 51893394907 a prime number?
False
Is 168186587 a composite number?
False
Is 243210577 prime?
False
Is 41631959833 a composite number?
False
Is 10248919589 composite?
True
Is 683057819 prime?
True
Is 15661232689 composite?
True
Is 3602376451 prime?
False
Is 1642923827 composite?
False
Is 24189418361 a composite number?
False
Is 2001127991 composite?
False
Is 2156879071 prime?
True
Is 39068077 composite?
False
Is 32919151 a composite number?
False
Is 143212989401 a prime number?
True
Is 7002857977 a prime number?
False
Is 94816848991 prime?
True
Is 92245895327 a prime number?
True
Is 220518887 prime?
True
Is 167110648351 composite?
False
Is 542413177 a prime number?
False
Is 52547880881 prime?
True
Is 3376900907 a prime number?
False
Is 4059433777 a composite number?
True
Is 1596620381 prime?
False
Is 3681129183 composite?
True
Is 2872465723 a prime number?
True
Is 2471786081 a prime number?
True
Is 2109621247 composite?
False
Is 17234526541 a composite number?
False
Is 667921207 a prime number?
False
Is 2597772377 a composite number?
False
Is 4304740847 prime?
False
Is 313505074 prime?
False
Is 370664081 composite?
False
Is 305802787 a prime number?
True
Is 53663251 a composite number?
False
Is 127473301 prime?
False
Is 5321072698 a prime number?
False
Is 1640224169 composite?
False
Is 3559676363 a prime number?
False
Is 2200838641 composite?
False
Is 378623423 prime?
True
Is 78156213649 a prime number?
False
Is 555880582 composite?
True
Is 1997035877 a prime number?
True
Is 133870013 a composite number?
False
Is 1766206171 a prime number?
True
Is 431299353 a composite number?
True
Is 3150781505 a prime number?
False
Is 1838621021 composite?
False
Is 6705425113 a prime number?
False
Is 687089399 a composite number?
False
Is 543957493 a prime number?
True
Is 4843384463 a composite number?
False
Is 4633836731 a composite number?
False
Is 38077400363 a prime number?
True
Is 209959608979 a composite number?
False
Is 39360746743 composite?
False
Is 687334421 composite?
True
Is 273438181 a composite number?
True
Is 193265477 composite?
False
Is 11509174829 composite?
False
Is 1394069263 a prime number?
True
Is 5587215377 prime?
False
Is 163545287 composite?
True
Is 1918458749 a composite number?
False
Is 321451279 composite?
False
Is 21784999 a composite number?
True
Is 1909043377 prime?
False
Is 59809962401 prime?
False
Is 3345888794 composite?
True
Is 1558329473 composite?
True
Is 1071664909 a composite number?
True
Is 1661014111 a composite number?
False
Is 1771411991 prime?
False
Is 2955008939 a prime number?
False
Is 12290014921 a prime number?
False
Is 3502911977 a prime number?
True
Is 3955143421 prime?
True
Is 10015671331 a prime number?
False
Is 27904537 a composite number?
False
Is 3558548557 composite?
True
Is 1508971601 prime?
True
Is 817451267 a prime number?
False
Is 1645333939 a composite number?
False
Is 15208354787 composite?
False
Is 195291893 a composite number?
False
Is 96452809801 a prime number?
True
Is 140394343 a prime number?
False
Is 1632569129 a composite number?
True
Is 4177743247 a composite number?
False
Is 2524127041 a prime number?
True
Is 2452522013 a composite number?
True
Is 38389398479 a composite number?
True
Is 3875770189 prime?
True
Is 492624977 composite?
True
Is 35314038791 a prime number?
False
Is 13773406021 a prime number?
True
Is 460399267 a composite number?
True
Is 4287198395 a prime number?
False
Is 11687776421 prime?
True
Is 2927558143 prime?
True
Is 474164557 composite?
True
Is 14076938 a prime number?
False
Is 63161700731 a composite number?
True
Is 3785254971 prime?
False
Is 29612796209 a composite number?
False
Is 3856463683 prime?
True
Is 54759461501 a composite number?
False
Is 1723653501 prime?
False
Is 1143035093 a prime number?
True
Is 668390803 a prime number?
True
Is 2072542961 prime?
False
Is 1454330615 a composite number?
True
Is 1594117223 a prime number?
True
Is 251418525583 prime?
False
Is 16242317339 a prime number?
True
Is 253692113 composite?
True
Is 963029059 a composite number?
False
Is 6169687451 a prime number?
False
Is 48367950523 a prime number?
False
Is 1019478589 a composite number?
False
Is 3638278587 prime?
False
Is 1481015957 composite?
False
Is 56719165859 prime?
True
Is 4942171763 a composite number?
True
Is 19245885853 a composite number?
False
Is 2205062351 a prime number?
False
Is 1204528801 composite?
True
Is 386389657 a prime number?
False
Is 1106785067 prime?
True
Is 1620702401 a prime number?
True
Is 171179191 a composite number?
True
Is 906638653 a prime number?
True
Is 165569717 a prime number?
True
Is 1851219791 composite?
True
Is 9310564453 a composite number?
False
Is 6758983111 a composite number?
False
Is 685727311 a prime number?
True
Is 59041535569 prime?
False
Is 295653233 composite?
True
Is 107963808179 a composite number?
False
Is 72722591 prime?
True
Is 7842013981 composite